{"id":110,"date":"2025-08-28T02:10:04","date_gmt":"2025-08-28T02:10:04","guid":{"rendered":"https:\/\/sergiolazarte.com.ar\/capitalizacion\/portfolio\/"},"modified":"2025-08-28T02:10:04","modified_gmt":"2025-08-28T02:10:04","slug":"portfolio","status":"publish","type":"page","link":"https:\/\/sergiolazarte.com.ar\/capitalizacion\/portfolio\/","title":{"rendered":"Portfolio"},"content":{"rendered":"\n\n\n<h2>\u00daltimos Proyectos<\/h2>\n<h3>\u00daltimos <span style=\"color:#f98012ff\">Proyectos<\/span><\/h3>\n<p>Descubre algunos de nuestros proyectos m\u00e1s recientes, desde retratos conmovedores hasta momentos de vida salvaje sin igual.<\/p>\n\n\n\n\n\n\n\n\n\n\n\n\n<h3 style=\"color:#ffffff\"><span style=\"color:#f98012ff\">F<\/span>otograf\u00eda<\/h3>\n<p style=\"color:#ffffff\">Nuestra fotograf\u00eda es m\u00e1s que im\u00e1genes, es emoci\u00f3n, narrativa y arte combinados.<\/p>\n\n\n\n\n\n\n\n\n\n\n\n\n\n<h2>Nuestros Servicios<\/h2>\n<h3>Nuestros <span style=\"color:#f98012ff\">Servicios<\/span><\/h3>\n<p>Ofrecemos una amplia gama de servicios profesionales de fotograf\u00eda, dise\u00f1ados para satisfacer tus necesidades \u00fanicas.<\/p>\n\n\n\n\n\n\n\n\n<p>Desde hace siglos, Ipsum Lorem ha sido el texto est\u00e1ndar de la industria para demostraciones.<\/p>\n\n\n\n\n\n\n\n\n\n\n<h2>\u00bfNECESITAS UN FOT\u00d3GRAFO? \u00bfALGUIEN CON EXPERIENCIA PARA COLABORAR? <br>\u00a1CONT\u00c1CTAME!<\/h2>\n\n\n","protected":false},"excerpt":{"rendered":"","protected":false},"author":1,"featured_media":0,"parent":0,"menu_order":0,"comment_status":"closed","ping_status":"closed","template":"","meta":{"saved_in_kubio":false,"pagelayer_contact_templates":[],"_pagelayer_content":"","footnotes":""},"class_list":["post-110","page","type-page","status-publish","hentry"],"kubio_ai_page_context":{"short_desc":"","purpose":"general"},"_links":{"self":[{"href":"https:\/\/sergiolazarte.com.ar\/capitalizacion\/wp-json\/wp\/v2\/pages\/110","targetHints":{"allow":["GET"]}}],"collection":[{"href":"https:\/\/sergiolazarte.com.ar\/capitalizacion\/wp-json\/wp\/v2\/pages"}],"about":[{"href":"https:\/\/sergiolazarte.com.ar\/capitalizacion\/wp-json\/wp\/v2\/types\/page"}],"author":[{"embeddable":true,"href":"https:\/\/sergiolazarte.com.ar\/capitalizacion\/wp-json\/wp\/v2\/users\/1"}],"replies":[{"embeddable":true,"href":"https:\/\/sergiolazarte.com.ar\/capitalizacion\/wp-json\/wp\/v2\/comments?post=110"}],"version-history":[{"count":0,"href":"https:\/\/sergiolazarte.com.ar\/capitalizacion\/wp-json\/wp\/v2\/pages\/110\/revisions"}],"wp:attachment":[{"href":"https:\/\/sergiolazarte.com.ar\/capitalizacion\/wp-json\/wp\/v2\/media?parent=110"}],"curies":[{"name":"wp","href":"https:\/\/api.w.org\/{rel}","templated":true}]}}